pose -2*c - 5*t = -10, 5*c + 3*t - o = 5. What is the remainder when 19 is divided by c?
4
Suppose -y - 1552 = -17*y. What is the remainder when y is divided by 5?
2
Calculate the remainder when -3*(-3)/(-18)*-282 is divided by 36.
33
Suppose f = -0*f - 4. What is the remainder when 2 is divided by ((-3)/(-2) + -2)*f?
0
Suppose 5*k = 0, 2*b + 2*k = -0*k + 42. What is the remainder when 124 is divided by b?
19
Let q(c) = c**2 - c + 14. Let l = 3 + -3. Calculate the remainder when 26 is divided by q(l).
12
Suppose 0 = 2*c - q, -q + 2*q = -3*c + 5. Suppose c + 5 = o. What is the remainder when o is divided by 4?
2
Calculate the remainder when 53 is divided by 76/6*(-15)/(-10).
15
Let a(r) = r**3 + 9*r**2 - r + 2. Let x be a(-7). Suppose 83 + x = 5*y. Suppose 4*t + 3 = 83. What is the remainder when y is divided by t?
18
Suppose -2*k + 24 = -4*k. Let d = k + 18. Calculate the remainder when (-62)/(-4) - (-5)/10 is divided by d.
4
Suppose 34*u - 64 = 26*u. What is the remainder when (5/(-3))/(2/(-36)) is divided by u?
6
Let f = -219 - -84. What is the remainder when 4/(-14) + f/(-7) is divided by 10?
9
Let o = 65 - 33. What is the remainder when o is divided by 8?
0
Let j be 10/(-4)*20/(-10). Suppose -185 = -j*d + 10. What is the remainder when d is divided by 14?
11
Let b be ((-4)/6)/((-2)/15). Suppose -b*c + 6*o - 2*o = -34, 19 = 4*c + 5*o. What is the remainder when 2/(-4) - 33/(-2) is divided by c?
4
Let t = -6 - -4. Let j be -6 + 2 + (0 - t). Calculate the remainder when j/3*-3 - -26 is divided by 10.
8
Suppose -5*k = -3*c - 85, k - c = -0*c + 17. What is the remainder when 65 is divided by k?
14
Suppose 9*n = 4*n + 215. Let k = -22 + 52. Suppose 0*j + k = 2*j. What is the remainder when n is divided by j?
13
Let a(y) = 2*y + 1. What is the remainder when (-304)/(-24) - (2 + (-12)/9) is divided by a(3)?
5
Suppose 18 + 18 = 3*k. Let d be (-9)/k*(0 - -8). Calculate the remainder when ((-8)/5)/(d/75) is divided by 7.
6
Suppose -5*c - 4*k - 7 - 9 = 0, k = -c - 4. Suppose 4*i + 20 = n - c*n, -3*n - i = -73. Calculate the remainder when 69 is divided by n.
21
Let c(f) = f**3 - f**2 - f + 7. Suppose -2*a + 7 = 2*u + u, -5*u = 3*a - 10. What is the remainder when (-1)/(-3)*u*-39 is divided by c(0)?
6
Let i(x) = -x**3 - 14*x**2 - 8*x - 11. Calculate the remainder when i(-14) is divided by 26.
23
Let j = 8 - 3. Suppose j*t + 10 = 135. Calculate the remainder when 49 is divided by t.
24
Suppose 0 = -5*i + 3*i + 10. Suppose 5*p - 20 = -i*y, -p - 2*p + 6 = 0. What is the remainder when -2*(1 + -5 + 2) is divided by y?
0
Suppose -5*k - 2*t = -84, -9*k + 76 = -4*k - 2*t. Suppose 3*o + 6*d - 30 = 2*d, -4*o - 2*d + 30 = 0. Calculate the remainder when k is divided by o.
4
Let d(x) = x**2 - 2*x + 1. What is the remainder when d(-4) is divided by 9?
7
What is the remainder when 19 is divided by (-385)/(-63) - 1/9?
1
Let v = 54 - 13. Calculate the remainder when v is divided by 6.
5
Let b(k) = -14*k + 7. Let u(m) = m - 1. Let s(p) = -b(p) - 6*u(p). Calculate the remainder when 68 is divided by s(3).
22
Let p = 245 + -102. Calculate the remainder when p is divided by 36.
35
Let t(n) = 2*n + 6. Suppose 0 = -3*s, -m - 2*s = 2*s - 9. Calculate the remainder when t(5) is divided by m.
7
Suppose 95 + 245 = 10*r. What is the remainder when r is divided by 4?
2
Let i(q) = 10*q**3 - 1. Let h be ((-10)/8 - 1)*-4. Suppose -7*b + h = -4*b. Calculate the remainder when i(1) is divided by b.
0
Suppose m + 9 = 4*m. Suppose 0 = -m*l - 5*s + 73 + 18, -140 = -4*l - 2*s. Suppose 5*a + 4 = 54. What is the remainder when l is divided by a?
7
Let p = -61 - -157. Suppose -2*x + 3*s = x - p, -3*x = s - 100. Let d = 26 + -9. What is the remainder when x is divided by d?
16
Let d(i) = 23*i**2 + 4*i - 3. What is the remainder when d(-2) is divided by 14?
11
Let o = 18 - 14. Let l(n) = 2*n**2 - 6*n + 6. What is the remainder when l(o) is divided by 4?
2
Let u = -3 - -16. Suppose r + 4 - u = 0. Calculate the remainder when r is divided by 5.
4
Calculate the remainder when 81 is divided by (2/(-12))/(6/24)*-42.
25
Suppose 20 - 91 = -g. What is the remainder when g is divided by 37?
34
Let m(f) = f**2 + 4*f. What is the remainder when m(-5) is divided by 2?
1
Let m = 31 - 11. Calculate the remainder when 38 is divided by m.
18
Let c be -2*(-2)/4 - -136. Suppose 4*h = -21 + c. Calculate the remainder when h is divided by 10.
9
Let v be (36/(-4))/((-2)/(-8)). Let k(u) = 3*u**2 - 4*u - 5. Let t be k(5). Let b = v + t. Calculate the remainder when 40 is divided by b.
12
Let o(l) = 2*l + 44. What is the remainder when 23 is divided by o(-20)?
3
Suppose 53*w + 6 = 55*w. Calculate the remainder when w is divided by (2/(-4))/(3/(-18)).
0
Let u be (-3)/(-1 + 4)*-12. Let s(m) = 4*m - 4. What is the remainder when 91/3 + 8/u is divided by s(5)?
15
Suppose 6*s - 11*s = -200. What is the remainder when 157 is divided by s?
37
Let t = 25 + 25. What is the remainder when t is divided by (2*-1)/1 + 19?
16
Let t(q) = q**3 + 11*q**2 - q - 9. Suppose -4*j + i - 32 = 14, -43 = 3*j - 5*i. What is the remainder when 3 is divided by t(j)?
1
Suppose 0*q = 2*q + 20. Let r be (-14)/(-5) - 2/q. Suppose -168 = -r*i - i. What is the remainder when i is divided by 15?
12
Let i(q) = 2*q**3 - 4*q**2. What is the remainder when 33 is divided by i(3)?
15
Let c = -2 - -3. Let o(q) = q**3 + 2*q**2 - 4*q - 1. Calculate the remainder when o(-3) is divided by c.
0
Let c = -4 + 11. Let p = 13 - c. Suppose 0 = 3*m - q - 75, 2*m - p*m = -3*q - 100. What is the remainder when m is divided by 13?
12
Suppose 16*h = 2*h + 126. Calculate the remainder when h is divided by 3.
0
Suppose -3 - 3 = -p. What is the remainder when 10/(-4)*36/(-6) is divided by p?
3
Let o(i) be the second derivative of -i**3/6 + i**2 - 3*i. Let f be o(4). Let x(b) = -3*b**3 - 2*b**2 + b. What is the remainder when 41 is divided by x(f)?
13
Let i = -4 - -8. Let f(v) = -v**3 + 6*v**2 - 6*v + 2. Let x be f(i). What is the remainder when (12/x)/(1/25) is divided by 16?
14
Let u = -120 + 182. What is the remainder when u is divided by 33?
29
Let z(k) = -k**3 + 7*k**2 + 3*k - 9. Let m be z(7). Suppose -2*v - 3*x + 2 = -4, -3*x = 3*v - m. Calculate the remainder when 17 is divided by v.
5
Suppose -7*o + 6*o = -33. Suppose 0 = -5*l + 66 + 19. Calculate the remainder when o is divided by l.
16
Suppose -3*p = 3*o + 27, 2*o + 2*o + 30 = -2*p. Let l(v) = 3*v + 34. Calculate the remainder when l(-10) is divided by 15/9 + (-2)/o.
0
Let x = 7 + 12. Calculate the remainder when x is divided by 7.
5
Suppose -3*u + 2 = -2*u. Suppose 0 = 4*c - 10 - 2. Suppose 5*w - h = 3*h - c, 0 = -2*w - 4*h + 10. Calculate the remainder when u is divided by w.
0
Let p be (-2)/3*(-186)/4. Let d = p - 4. What is the remainder when d is divided by 7?
6
Suppose 3*w = w + 20. Let f = 23 - 4. Calculate the remainder when f is divided by w.
9
Suppose 0 = 5*u + 4 - 54. Calculate the remainder when 27 is divided by u.
7
Suppose -70*u + 3 = -69*u. What is the remainder when 52 is divided by u?
1
Let b = -19 - -41. Calculate the remainder when 41 is divided by b.
19
Let y(m) = -4*m - 2. What is the remainder when 12 is divided by y(-2)?
0
Let d(i) = -i**2 - 16*i - 22. What is the remainder when d(-7) is divided by 15?
11
Suppose -24*p + 190 = -19*p. What is the remainder when 150 is divided by p?
36
Let t(j) = j**3 + 2*j**2 - 2*j - 3. Let q be t(-3). What is the remainder when ((-34)/(-3))/((-4)/(-6)) is divided by (8/q)/(6/(-27))?
5
Let y = -20 - -31. What is the remainder when 41 is divided by y?
8
Let j = 18 - -3. What is the remainder when j is divided by 11?
10
Let o be ((-5)/3)/((-1)/(-3)). Calculate the remainder when 9 is divided by (-1)/o + 28/10.
0
Let w(v) = -v**2 - 10*v + 10. Let s be w(-10). What is the remainder when 57 is divided by s/4*12/2?
12
Let k(v) = 49*v + 19. Calculate the remainder when k(5) is divided by 67.
63
Calculate the remainder when 70 is divided by 1/(-4) - ((-404)/16 + 1).
22
Let d(l) = l**3 + 9*l**2 - 6*l - 9. Calculate the remainder when d(-4) is divided by 24.
23
Suppose 34 = 5*v - 36. Calculate the remainder when 39 is divided by v.
11
Calculate the remainder when 28 is divided by (4/12)/((-1)/(-45)).
13
Let g = -9 + 18. Let s(j) = 2*j**3 - 7*j**2 + 6*j - 6. Let m b